{"id":19,"date":"2018-03-03T13:26:06","date_gmt":"2018-03-03T13:26:06","guid":{"rendered":"http:\/\/87.106.34.54\/koehl1\/?page_id=19"},"modified":"2021-12-06T15:59:58","modified_gmt":"2021-12-06T15:59:58","slug":"fuhrpark","status":"publish","type":"page","link":"https:\/\/www.koehl-harvest.de\/index.php\/fuhrpark\/","title":{"rendered":"Fuhrpark"},"content":{"rendered":"\n<p><\/p>\n\n\n\n<div class=\"wp-block-media-text alignwide is-stacked-on-mobile\"><figure class=\"wp-block-media-text__media\"><img loading=\"lazy\" width=\"1024\" height=\"739\" src=\"http:\/\/www.koehl-harvest.de\/wp-content\/uploads\/2021\/12\/2IMG-20211206-WA0018-1024x739.jpg\" alt=\"\" class=\"wp-image-271\" srcset=\"https:\/\/www.koehl-harvest.de\/wp-content\/uploads\/2021\/12\/2IMG-20211206-WA0018-1024x739.jpg 1024w, https:\/\/www.koehl-harvest.de\/wp-content\/uploads\/2021\/12\/2IMG-20211206-WA0018-300x217.jpg 300w, https:\/\/www.koehl-harvest.de\/wp-content\/uploads\/2021\/12\/2IMG-20211206-WA0018-768x554.jpg 768w, https:\/\/www.koehl-harvest.de\/wp-content\/uploads\/2021\/12\/2IMG-20211206-WA0018.jpg 1430w\" sizes=\"(max-width: 1024px) 100vw, 1024px\" \/><\/figure><div class=\"wp-block-media-text__content\">\n<p class=\"has-large-font-size\"><strong>Bodenbearbeitung mit Grubber, Scheibenegge oder Pflug<\/strong><\/p>\n<\/div><\/div>\n\n\n\n<div class=\"wp-block-media-text alignwide is-stacked-on-mobile\"><figure class=\"wp-block-media-text__media\"><img loading=\"lazy\" width=\"1024\" height=\"768\" src=\"http:\/\/www.koehl-harvest.de\/wp-content\/uploads\/2020\/09\/IMG-20200910-WA0029-1-1024x768.jpg\" alt=\"\" class=\"wp-image-188\" srcset=\"https:\/\/www.koehl-harvest.de\/wp-content\/uploads\/2020\/09\/IMG-20200910-WA0029-1-1024x768.jpg 1024w, https:\/\/www.koehl-harvest.de\/wp-content\/uploads\/2020\/09\/IMG-20200910-WA0029-1-300x225.jpg 300w, https:\/\/www.koehl-harvest.de\/wp-content\/uploads\/2020\/09\/IMG-20200910-WA0029-1-768x576.jpg 768w, https:\/\/www.koehl-harvest.de\/wp-content\/uploads\/2020\/09\/IMG-20200910-WA0029-1-1536x1152.jpg 1536w, https:\/\/www.koehl-harvest.de\/wp-content\/uploads\/2020\/09\/IMG-20200910-WA0029-1-685x514.jpg 685w, https:\/\/www.koehl-harvest.de\/wp-content\/uploads\/2020\/09\/IMG-20200910-WA0029-1.jpg 1600w\" sizes=\"(max-width: 1024px) 100vw, 1024px\" \/><\/figure><div class=\"wp-block-media-text__content\">\n<p class=\"has-large-font-size\"><strong>Aussaat von Getreide, Raps, Gras und Zwischenfr\u00fcchten<\/strong><\/p>\n<\/div><\/div>\n\n\n\n<div class=\"wp-block-media-text alignwide is-stacked-on-mobile\"><figure class=\"wp-block-media-text__media\"><img loading=\"lazy\" width=\"1024\" height=\"768\" src=\"http:\/\/www.koehl-harvest.de\/wp-content\/uploads\/2020\/09\/IMG-20200910-WA0018-1024x768.jpg\" alt=\"\" class=\"wp-image-189\" srcset=\"https:\/\/www.koehl-harvest.de\/wp-content\/uploads\/2020\/09\/IMG-20200910-WA0018-1024x768.jpg 1024w, https:\/\/www.koehl-harvest.de\/wp-content\/uploads\/2020\/09\/IMG-20200910-WA0018-300x225.jpg 300w, https:\/\/www.koehl-harvest.de\/wp-content\/uploads\/2020\/09\/IMG-20200910-WA0018-768x576.jpg 768w, https:\/\/www.koehl-harvest.de\/wp-content\/uploads\/2020\/09\/IMG-20200910-WA0018-1536x1152.jpg 1536w, https:\/\/www.koehl-harvest.de\/wp-content\/uploads\/2020\/09\/IMG-20200910-WA0018-685x514.jpg 685w, https:\/\/www.koehl-harvest.de\/wp-content\/uploads\/2020\/09\/IMG-20200910-WA0018.jpg 1600w\" sizes=\"(max-width: 1024px) 100vw, 1024px\" \/><\/figure><div class=\"wp-block-media-text__content\">\n<p class=\"has-large-font-size\"><strong>Aussaat von Mais<\/strong><\/p>\n<\/div><\/div>\n\n\n\n<div class=\"wp-block-media-text alignwide is-stacked-on-mobile\"><figure class=\"wp-block-media-text__media\"><img loading=\"lazy\" width=\"1024\" height=\"768\" src=\"http:\/\/www.koehl-harvest.de\/wp-content\/uploads\/2021\/12\/IMG-20211206-WA0021-1024x768.jpg\" alt=\"\" class=\"wp-image-268\" srcset=\"https:\/\/www.koehl-harvest.de\/wp-content\/uploads\/2021\/12\/IMG-20211206-WA0021-1024x768.jpg 1024w, https:\/\/www.koehl-harvest.de\/wp-content\/uploads\/2021\/12\/IMG-20211206-WA0021-300x225.jpg 300w, https:\/\/www.koehl-harvest.de\/wp-content\/uploads\/2021\/12\/IMG-20211206-WA0021-768x576.jpg 768w, https:\/\/www.koehl-harvest.de\/wp-content\/uploads\/2021\/12\/IMG-20211206-WA0021-1536x1152.jpg 1536w, https:\/\/www.koehl-harvest.de\/wp-content\/uploads\/2021\/12\/IMG-20211206-WA0021.jpg 1600w\" sizes=\"(max-width: 1024px) 100vw, 1024px\" \/><\/figure><div class=\"wp-block-media-text__content\">\n<p class=\"has-large-font-size\"><strong>G\u00fclleausbringung<\/strong><\/p>\n<\/div><\/div>\n\n\n\n<div class=\"wp-block-media-text alignwide is-stacked-on-mobile\"><figure class=\"wp-block-media-text__media\"><img loading=\"lazy\" width=\"1024\" height=\"768\" src=\"http:\/\/www.koehl-harvest.de\/wp-content\/uploads\/2020\/09\/IMG-20200910-WA0014-1024x768.jpg\" alt=\"\" class=\"wp-image-193\" srcset=\"https:\/\/www.koehl-harvest.de\/wp-content\/uploads\/2020\/09\/IMG-20200910-WA0014-1024x768.jpg 1024w, https:\/\/www.koehl-harvest.de\/wp-content\/uploads\/2020\/09\/IMG-20200910-WA0014-300x225.jpg 300w, https:\/\/www.koehl-harvest.de\/wp-content\/uploads\/2020\/09\/IMG-20200910-WA0014-768x576.jpg 768w, https:\/\/www.koehl-harvest.de\/wp-content\/uploads\/2020\/09\/IMG-20200910-WA0014-1536x1153.jpg 1536w, https:\/\/www.koehl-harvest.de\/wp-content\/uploads\/2020\/09\/IMG-20200910-WA0014-685x514.jpg 685w, https:\/\/www.koehl-harvest.de\/wp-content\/uploads\/2020\/09\/IMG-20200910-WA0014.jpg 1599w\" sizes=\"(max-width: 1024px) 100vw, 1024px\" \/><\/figure><div class=\"wp-block-media-text__content\">\n<p class=\"has-large-font-size\"><strong>M\u00e4hen mit- oder ohne Schwadzusammenlegung<\/strong><\/p>\n<\/div><\/div>\n\n\n\n<div class=\"wp-block-media-text alignwide is-stacked-on-mobile\"><figure class=\"wp-block-media-text__media\"><img loading=\"lazy\" width=\"803\" height=\"468\" src=\"http:\/\/www.koehl-harvest.de\/wp-content\/uploads\/2020\/09\/IMG-20200910-WA0020.jpg\" alt=\"\" class=\"wp-image-194\" srcset=\"https:\/\/www.koehl-harvest.de\/wp-content\/uploads\/2020\/09\/IMG-20200910-WA0020.jpg 803w, https:\/\/www.koehl-harvest.de\/wp-content\/uploads\/2020\/09\/IMG-20200910-WA0020-300x175.jpg 300w, https:\/\/www.koehl-harvest.de\/wp-content\/uploads\/2020\/09\/IMG-20200910-WA0020-768x448.jpg 768w, https:\/\/www.koehl-harvest.de\/wp-content\/uploads\/2020\/09\/IMG-20200910-WA0020-685x399.jpg 685w\" sizes=\"(max-width: 803px) 100vw, 803px\" \/><\/figure><div class=\"wp-block-media-text__content\">\n<p class=\"has-large-font-size\"><strong>Wenden und Schwaden<\/strong><\/p>\n<\/div><\/div>\n\n\n\n<div class=\"wp-block-media-text alignwide is-stacked-on-mobile\"><figure class=\"wp-block-media-text__media\"><img loading=\"lazy\" width=\"900\" height=\"772\" src=\"http:\/\/www.koehl-harvest.de\/wp-content\/uploads\/2020\/09\/IMG-20200910-WA0013.jpg\" alt=\"\" class=\"wp-image-195\" srcset=\"https:\/\/www.koehl-harvest.de\/wp-content\/uploads\/2020\/09\/IMG-20200910-WA0013.jpg 900w, https:\/\/www.koehl-harvest.de\/wp-content\/uploads\/2020\/09\/IMG-20200910-WA0013-300x257.jpg 300w, https:\/\/www.koehl-harvest.de\/wp-content\/uploads\/2020\/09\/IMG-20200910-WA0013-768x659.jpg 768w, https:\/\/www.koehl-harvest.de\/wp-content\/uploads\/2020\/09\/IMG-20200910-WA0013-685x588.jpg 685w\" sizes=\"(max-width: 900px) 100vw, 900px\" \/><\/figure><div class=\"wp-block-media-text__content\">\n<p class=\"has-large-font-size\"><strong>Pressen von Siloballen<\/strong><\/p>\n<\/div><\/div>\n\n\n\n<div class=\"wp-block-media-text alignwide is-stacked-on-mobile\"><figure class=\"wp-block-media-text__media\"><img loading=\"lazy\" width=\"1024\" height=\"768\" src=\"http:\/\/www.koehl-harvest.de\/wp-content\/uploads\/2020\/09\/IMG-20200910-WA0023-1024x768.jpg\" alt=\"\" class=\"wp-image-196\" srcset=\"https:\/\/www.koehl-harvest.de\/wp-content\/uploads\/2020\/09\/IMG-20200910-WA0023-1024x768.jpg 1024w, https:\/\/www.koehl-harvest.de\/wp-content\/uploads\/2020\/09\/IMG-20200910-WA0023-300x225.jpg 300w, https:\/\/www.koehl-harvest.de\/wp-content\/uploads\/2020\/09\/IMG-20200910-WA0023-768x576.jpg 768w, https:\/\/www.koehl-harvest.de\/wp-content\/uploads\/2020\/09\/IMG-20200910-WA0023-1536x1152.jpg 1536w, https:\/\/www.koehl-harvest.de\/wp-content\/uploads\/2020\/09\/IMG-20200910-WA0023-685x514.jpg 685w, https:\/\/www.koehl-harvest.de\/wp-content\/uploads\/2020\/09\/IMG-20200910-WA0023.jpg 1600w\" sizes=\"(max-width: 1024px) 100vw, 1024px\" \/><\/figure><div class=\"wp-block-media-text__content\">\n<p class=\"has-large-font-size\"><strong>Pressen von Quaderballen<br>(51 Messer)<\/strong><\/p>\n<\/div><\/div>\n\n\n\n<div class=\"wp-block-media-text alignwide is-stacked-on-mobile\"><figure class=\"wp-block-media-text__media\"><img loading=\"lazy\" width=\"1024\" height=\"578\" src=\"http:\/\/www.koehl-harvest.de\/wp-content\/uploads\/2020\/09\/IMG-20200910-WA0016-1024x578.jpg\" alt=\"\" class=\"wp-image-197\" srcset=\"https:\/\/www.koehl-harvest.de\/wp-content\/uploads\/2020\/09\/IMG-20200910-WA0016-1024x578.jpg 1024w, https:\/\/www.koehl-harvest.de\/wp-content\/uploads\/2020\/09\/IMG-20200910-WA0016-300x169.jpg 300w, https:\/\/www.koehl-harvest.de\/wp-content\/uploads\/2020\/09\/IMG-20200910-WA0016-768x433.jpg 768w, https:\/\/www.koehl-harvest.de\/wp-content\/uploads\/2020\/09\/IMG-20200910-WA0016-685x386.jpg 685w, https:\/\/www.koehl-harvest.de\/wp-content\/uploads\/2020\/09\/IMG-20200910-WA0016.jpg 1496w\" sizes=\"(max-width: 1024px) 100vw, 1024px\" \/><\/figure><div class=\"wp-block-media-text__content\">\n<p class=\"has-large-font-size\"><strong>Ladewagen-Silage<\/strong><\/p>\n<\/div><\/div>\n\n\n\n<div class=\"wp-block-media-text alignwide is-stacked-on-mobile\"><figure class=\"wp-block-media-text__media\"><img loading=\"lazy\" width=\"1024\" height=\"578\" src=\"http:\/\/www.koehl-harvest.de\/wp-content\/uploads\/2020\/09\/IMG-20200910-WA0015-1024x578.jpg\" alt=\"\" class=\"wp-image-198\" srcset=\"https:\/\/www.koehl-harvest.de\/wp-content\/uploads\/2020\/09\/IMG-20200910-WA0015-1024x578.jpg 1024w, https:\/\/www.koehl-harvest.de\/wp-content\/uploads\/2020\/09\/IMG-20200910-WA0015-300x169.jpg 300w, https:\/\/www.koehl-harvest.de\/wp-content\/uploads\/2020\/09\/IMG-20200910-WA0015-768x433.jpg 768w, https:\/\/www.koehl-harvest.de\/wp-content\/uploads\/2020\/09\/IMG-20200910-WA0015-685x386.jpg 685w, https:\/\/www.koehl-harvest.de\/wp-content\/uploads\/2020\/09\/IMG-20200910-WA0015.jpg 1496w\" sizes=\"(max-width: 1024px) 100vw, 1024px\" \/><\/figure><div class=\"wp-block-media-text__content\">\n<p class=\"has-large-font-size\"><strong>H\u00e4ckseln von Gras, Gps und Mais<\/strong><\/p>\n<\/div><\/div>\n\n\n\n<div class=\"wp-block-media-text alignwide is-stacked-on-mobile\"><figure class=\"wp-block-media-text__media\"><img loading=\"lazy\" width=\"1024\" height=\"768\" src=\"http:\/\/www.koehl-harvest.de\/wp-content\/uploads\/2020\/09\/IMG-20200910-WA0033-1024x768.jpg\" alt=\"\" class=\"wp-image-199\" srcset=\"https:\/\/www.koehl-harvest.de\/wp-content\/uploads\/2020\/09\/IMG-20200910-WA0033-1024x768.jpg 1024w, https:\/\/www.koehl-harvest.de\/wp-content\/uploads\/2020\/09\/IMG-20200910-WA0033-300x225.jpg 300w, https:\/\/www.koehl-harvest.de\/wp-content\/uploads\/2020\/09\/IMG-20200910-WA0033-768x576.jpg 768w, https:\/\/www.koehl-harvest.de\/wp-content\/uploads\/2020\/09\/IMG-20200910-WA0033-1536x1152.jpg 1536w, https:\/\/www.koehl-harvest.de\/wp-content\/uploads\/2020\/09\/IMG-20200910-WA0033-685x514.jpg 685w, https:\/\/www.koehl-harvest.de\/wp-content\/uploads\/2020\/09\/IMG-20200910-WA0033.jpg 1600w\" sizes=\"(max-width: 1024px) 100vw, 1024px\" \/><\/figure><div class=\"wp-block-media-text__content\">\n<p class=\"has-large-font-size\">&nbsp;<strong>Silage walzen<\/strong><\/p>\n<\/div><\/div>\n\n\n\n<div class=\"wp-block-media-text alignwide is-stacked-on-mobile\"><figure class=\"wp-block-media-text__media\"><img loading=\"lazy\" width=\"1024\" height=\"768\" src=\"http:\/\/www.koehl-harvest.de\/wp-content\/uploads\/2021\/12\/IMG-20211206-WA0022-1024x768.jpg\" alt=\"\" class=\"wp-image-269\" srcset=\"https:\/\/www.koehl-harvest.de\/wp-content\/uploads\/2021\/12\/IMG-20211206-WA0022-1024x768.jpg 1024w, https:\/\/www.koehl-harvest.de\/wp-content\/uploads\/2021\/12\/IMG-20211206-WA0022-300x225.jpg 300w, https:\/\/www.koehl-harvest.de\/wp-content\/uploads\/2021\/12\/IMG-20211206-WA0022-768x576.jpg 768w, https:\/\/www.koehl-harvest.de\/wp-content\/uploads\/2021\/12\/IMG-20211206-WA0022-1536x1152.jpg 1536w, https:\/\/www.koehl-harvest.de\/wp-content\/uploads\/2021\/12\/IMG-20211206-WA0022.jpg 2016w\" sizes=\"(max-width: 1024px) 100vw, 1024px\" \/><\/figure><div class=\"wp-block-media-text__content\">\n<p class=\"has-large-font-size\"><strong>M\u00e4hdrusch<\/strong><\/p>\n<\/div><\/div>\n\n\n\n<div class=\"wp-block-media-text alignwide is-stacked-on-mobile\"><figure class=\"wp-block-media-text__media\"><img loading=\"lazy\" width=\"1024\" height=\"577\" src=\"http:\/\/www.koehl-harvest.de\/wp-content\/uploads\/2020\/09\/IMG-20200910-WA0024-1024x577.jpg\" alt=\"\" class=\"wp-image-201\" srcset=\"https:\/\/www.koehl-harvest.de\/wp-content\/uploads\/2020\/09\/IMG-20200910-WA0024-1024x577.jpg 1024w, https:\/\/www.koehl-harvest.de\/wp-content\/uploads\/2020\/09\/IMG-20200910-WA0024-300x169.jpg 300w, https:\/\/www.koehl-harvest.de\/wp-content\/uploads\/2020\/09\/IMG-20200910-WA0024-768x433.jpg 768w, https:\/\/www.koehl-harvest.de\/wp-content\/uploads\/2020\/09\/IMG-20200910-WA0024-685x386.jpg 685w, https:\/\/www.koehl-harvest.de\/wp-content\/uploads\/2020\/09\/IMG-20200910-WA0024.jpg 1136w\" sizes=\"(max-width: 1024px) 100vw, 1024px\" \/><\/figure><div class=\"wp-block-media-text__content\">\n<p class=\"has-large-font-size\"><strong>An- und Verkauf von Stroh und Heu<\/strong><\/p>\n<\/div><\/div>\n\n\n\n<div class=\"wp-block-media-text alignwide is-stacked-on-mobile\"><figure class=\"wp-block-media-text__media\"><img loading=\"lazy\" width=\"1024\" height=\"768\" src=\"http:\/\/www.koehl-harvest.de\/wp-content\/uploads\/2020\/09\/IMG-20200910-WA0034-1024x768.jpg\" alt=\"\" class=\"wp-image-203\" srcset=\"https:\/\/www.koehl-harvest.de\/wp-content\/uploads\/2020\/09\/IMG-20200910-WA0034-1024x768.jpg 1024w, https:\/\/www.koehl-harvest.de\/wp-content\/uploads\/2020\/09\/IMG-20200910-WA0034-300x225.jpg 300w, https:\/\/www.koehl-harvest.de\/wp-content\/uploads\/2020\/09\/IMG-20200910-WA0034-768x576.jpg 768w, https:\/\/www.koehl-harvest.de\/wp-content\/uploads\/2020\/09\/IMG-20200910-WA0034-1536x1152.jpg 1536w, https:\/\/www.koehl-harvest.de\/wp-content\/uploads\/2020\/09\/IMG-20200910-WA0034-685x514.jpg 685w, https:\/\/www.koehl-harvest.de\/wp-content\/uploads\/2020\/09\/IMG-20200910-WA0034.jpg 1600w\" sizes=\"(max-width: 1024px) 100vw, 1024px\" \/><\/figure><div class=\"wp-block-media-text__content\">\n<p class=\"has-large-font-size\"><strong>An- und Verkauf von G\u00e4rresten und G\u00fclle<\/strong><\/p>\n<\/div><\/div>\n\n\n\n<div class=\"wp-block-media-text alignwide is-stacked-on-mobile\"><figure class=\"wp-block-media-text__media\"><img loading=\"lazy\" width=\"1024\" height=\"768\" src=\"http:\/\/www.koehl-harvest.de\/wp-content\/uploads\/2020\/09\/IMG-20200910-WA0026.jpg\" alt=\"\" class=\"wp-image-204\" srcset=\"https:\/\/www.koehl-harvest.de\/wp-content\/uploads\/2020\/09\/IMG-20200910-WA0026.jpg 1024w, https:\/\/www.koehl-harvest.de\/wp-content\/uploads\/2020\/09\/IMG-20200910-WA0026-300x225.jpg 300w, https:\/\/www.koehl-harvest.de\/wp-content\/uploads\/2020\/09\/IMG-20200910-WA0026-768x576.jpg 768w, https:\/\/www.koehl-harvest.de\/wp-content\/uploads\/2020\/09\/IMG-20200910-WA0026-685x514.jpg 685w\" sizes=\"(max-width: 1024px) 100vw, 1024px\" \/><\/figure><div class=\"wp-block-media-text__content\">\n<p class=\"has-large-font-size\">&nbsp;<strong>Winterdienst<\/strong><\/p>\n<\/div><\/div>\n","protected":false},"excerpt":{"rendered":"<p>Bodenbearbeitung mit Grubber, Scheibenegge oder Pflug Aussaat von Getreide, Raps, Gras und Zwischenfr\u00fcchten Aussaat von Mais G\u00fclleausbringung M\u00e4hen mit- oder ohne Schwadzusammenlegung Wenden und Schwaden Pressen von Siloballen Pressen von Quaderballen(51 Messer) Ladewagen-Silage H\u00e4ckseln von Gras, Gps und Mais &nbsp;Silage walzen M\u00e4hdrusch An- und Verkauf von Stroh und Heu An- und Verkauf von G\u00e4rresten und [&hellip;]<\/p>\n","protected":false},"author":1,"featured_media":0,"parent":0,"menu_order":0,"comment_status":"closed","ping_status":"closed","template":"","meta":[],"_links":{"self":[{"href":"https:\/\/www.koehl-harvest.de\/index.php\/wp-json\/wp\/v2\/pages\/19"}],"collection":[{"href":"https:\/\/www.koehl-harvest.de\/index.php\/wp-json\/wp\/v2\/pages"}],"about":[{"href":"https:\/\/www.koehl-harvest.de\/index.php\/wp-json\/wp\/v2\/types\/page"}],"author":[{"embeddable":true,"href":"https:\/\/www.koehl-harvest.de\/index.php\/wp-json\/wp\/v2\/users\/1"}],"replies":[{"embeddable":true,"href":"https:\/\/www.koehl-harvest.de\/index.php\/wp-json\/wp\/v2\/comments?post=19"}],"version-history":[{"count":20,"href":"https:\/\/www.koehl-harvest.de\/index.php\/wp-json\/wp\/v2\/pages\/19\/revisions"}],"predecessor-version":[{"id":276,"href":"https:\/\/www.koehl-harvest.de\/index.php\/wp-json\/wp\/v2\/pages\/19\/revisions\/276"}],"wp:attachment":[{"href":"https:\/\/www.koehl-harvest.de\/index.php\/wp-json\/wp\/v2\/media?parent=19"}],"curies":[{"name":"wp","href":"https:\/\/api.w.org\/{rel}","templated":true}]}}